{"id":8277,"date":"2020-01-27T06:18:11","date_gmt":"2020-01-27T06:18:11","guid":{"rendered":"https:\/\/demo.xpeedstudio.com\/evenex\/meetup\/?page_id=11"},"modified":"2022-04-26T10:25:45","modified_gmt":"2022-04-26T13:25:45","slug":"patrocinio","status":"publish","type":"page","link":"https:\/\/enoac.org.br\/2022\/patrocinio\/","title":{"rendered":"Patroc\u00ednio"},"content":{"rendered":"\t\t<div data-elementor-type=\"wp-page\" data-elementor-id=\"8277\" class=\"elementor elementor-8277\">\n\t\t\t\t\t\t<section class=\"elementor-section elementor-top-section elementor-element elementor-element-4e78ad5 elementor-section-boxed elementor-section-height-default elementor-section-height-default\" data-id=\"4e78ad5\" data-element_type=\"section\" data-settings=\"{&quot;ekit_section_parallax_multi_items&quot;:[{&quot;parallax_style&quot;:&quot;mousemove&quot;,&quot;image&quot;:null,&quot;source_rotate&quot;:{&quot;unit&quot;:&quot;deg&quot;,&quot;size&quot;:&quot;0&quot;,&quot;sizes&quot;:[]},&quot;parallax_blur_effect&quot;:{&quot;unit&quot;:&quot;px&quot;,&quot;size&quot;:&quot;0&quot;,&quot;sizes&quot;:[]},&quot;pos_x&quot;:{&quot;unit&quot;:&quot;%&quot;,&quot;size&quot;:&quot;90&quot;,&quot;sizes&quot;:[]},&quot;pos_x_tablet&quot;:{&quot;unit&quot;:&quot;px&quot;,&quot;size&quot;:&quot;-1000&quot;,&quot;sizes&quot;:[]},&quot;pos_x_mobile&quot;:{&quot;unit&quot;:&quot;px&quot;,&quot;size&quot;:&quot;-1000&quot;,&quot;sizes&quot;:[]},&quot;pos_y&quot;:{&quot;unit&quot;:&quot;%&quot;,&quot;size&quot;:&quot;9&quot;,&quot;sizes&quot;:[]},&quot;animation&quot;:null,&quot;animation_speed&quot;:null,&quot;parallax_speed&quot;:&quot;40&quot;,&quot;_id&quot;:&quot;237e2fe&quot;,&quot;shape&quot;:null,&quot;width_type&quot;:&quot;&quot;,&quot;animation_tablet&quot;:null,&quot;animation_mobile&quot;:null,&quot;item_opacity&quot;:&quot;1&quot;,&quot;parallax_transform&quot;:null,&quot;parallax_transform_value&quot;:null,&quot;smoothness&quot;:null,&quot;offsettop&quot;:null,&quot;offsetbottom&quot;:null,&quot;maxtilt&quot;:null,&quot;scale&quot;:null,&quot;disableaxis&quot;:null},{&quot;parallax_style&quot;:&quot;mousemove&quot;,&quot;image&quot;:null,&quot;source_rotate&quot;:{&quot;unit&quot;:&quot;deg&quot;,&quot;size&quot;:&quot;0&quot;,&quot;sizes&quot;:[]},&quot;parallax_blur_effect&quot;:{&quot;unit&quot;:&quot;px&quot;,&quot;size&quot;:&quot;0&quot;,&quot;sizes&quot;:[]},&quot;pos_x&quot;:{&quot;unit&quot;:&quot;%&quot;,&quot;size&quot;:&quot;10&quot;,&quot;sizes&quot;:[]},&quot;pos_x_tablet&quot;:{&quot;unit&quot;:&quot;px&quot;,&quot;size&quot;:&quot;-1000&quot;,&quot;sizes&quot;:[]},&quot;pos_x_mobile&quot;:{&quot;unit&quot;:&quot;px&quot;,&quot;size&quot;:&quot;-1000&quot;,&quot;sizes&quot;:[]},&quot;pos_y&quot;:{&quot;unit&quot;:&quot;%&quot;,&quot;size&quot;:&quot;16&quot;,&quot;sizes&quot;:[]},&quot;animation&quot;:null,&quot;animation_speed&quot;:null,&quot;parallax_speed&quot;:&quot;10&quot;,&quot;_id&quot;:&quot;47cad93&quot;,&quot;item_opacity&quot;:20,&quot;shape&quot;:null,&quot;width_type&quot;:&quot;&quot;,&quot;animation_tablet&quot;:null,&quot;animation_mobile&quot;:null,&quot;parallax_transform&quot;:null,&quot;parallax_transform_value&quot;:null,&quot;smoothness&quot;:null,&quot;offsettop&quot;:null,&quot;offsetbottom&quot;:null,&quot;maxtilt&quot;:null,&quot;scale&quot;:null,&quot;disableaxis&quot;:null},{&quot;parallax_style&quot;:&quot;onscroll&quot;,&quot;image&quot;:null,&quot;source_rotate&quot;:{&quot;unit&quot;:&quot;deg&quot;,&quot;size&quot;:&quot;0&quot;,&quot;sizes&quot;:[]},&quot;parallax_blur_effect&quot;:{&quot;unit&quot;:&quot;px&quot;,&quot;size&quot;:&quot;0&quot;,&quot;sizes&quot;:[]},&quot;pos_x&quot;:{&quot;unit&quot;:&quot;%&quot;,&quot;size&quot;:&quot;98&quot;,&quot;sizes&quot;:[]},&quot;pos_x_tablet&quot;:{&quot;unit&quot;:&quot;px&quot;,&quot;size&quot;:&quot;-1000&quot;,&quot;sizes&quot;:[]},&quot;pos_x_mobile&quot;:{&quot;unit&quot;:&quot;px&quot;,&quot;size&quot;:&quot;-1000&quot;,&quot;sizes&quot;:[]},&quot;pos_y&quot;:{&quot;unit&quot;:&quot;%&quot;,&quot;size&quot;:&quot;24&quot;,&quot;sizes&quot;:[]},&quot;animation&quot;:null,&quot;animation_speed&quot;:null,&quot;parallax_speed&quot;:null,&quot;parallax_transform_value&quot;:&quot;20&quot;,&quot;_id&quot;:&quot;c1a4c9b&quot;,&quot;shape&quot;:null,&quot;width_type&quot;:&quot;&quot;,&quot;animation_tablet&quot;:null,&quot;animation_mobile&quot;:null,&quot;item_opacity&quot;:&quot;1&quot;,&quot;parallax_transform&quot;:&quot;translateY&quot;,&quot;smoothness&quot;:&quot;700&quot;,&quot;offsettop&quot;:&quot;0&quot;,&quot;offsetbottom&quot;:&quot;0&quot;,&quot;maxtilt&quot;:null,&quot;scale&quot;:null,&quot;disableaxis&quot;:null}],&quot;background_background&quot;:&quot;classic&quot;,&quot;ekit_section_parallax_bg&quot;:&quot;yes&quot;,&quot;ekit_section_parallax_multi&quot;:&quot;yes&quot;,&quot;ekit_section_parallax_bg_speed&quot;:0.5}\">\n\t\t\t\t\t\t\t<div class=\"elementor-background-overlay\"><\/div>\n\t\t\t\t\t\t\t<div class=\"elementor-container elementor-column-gap-default\">\n\t\t\t\t\t<div class=\"elementor-column elementor-col-100 elementor-top-column elementor-element elementor-element-17366fe\" data-id=\"17366fe\" data-element_type=\"column\">\n\t\t\t<div class=\"elementor-widget-wrap elementor-element-populated\">\n\t\t\t\t\t\t<div class=\"elementor-element elementor-element-5443721 elementor-widget__width-initial elementor-absolute elementor-hidden-tablet elementor-hidden-phone elementor-widget elementor-widget-image\" data-id=\"5443721\" data-element_type=\"widget\" data-settings=\"{&quot;ekit_we_effect_on&quot;:&quot;mousemove&quot;,&quot;_position&quot;:&quot;absolute&quot;,&quot;ekit_we_on_test_mode&quot;:&quot;on&quot;,&quot;ekit_we_mousemove_parallax_speed&quot;:40}\" data-widget_type=\"image.default\">\n\t\t\t\t<div class=\"elementor-widget-container\">\n\t\t\t\t\t\t\t\t\t\t\t\t\t\t\t<img decoding=\"async\" width=\"33\" height=\"48\" src=\"https:\/\/enoac.org.br\/2022\/wp-content\/uploads\/2020\/01\/Venue-contact-plus-circle.png\" class=\"attachment-large size-large wp-image-622\" alt=\"\" \/>\t\t\t\t\t\t\t\t\t\t\t\t\t\t\t<\/div>\n\t\t\t\t<\/div>\n\t\t\t\t<div class=\"elementor-element elementor-element-3733724 elementor-widget__width-initial elementor-absolute elementor-hidden-tablet elementor-hidden-phone elementor-widget elementor-widget-image\" data-id=\"3733724\" data-element_type=\"widget\" data-settings=\"{&quot;ekit_we_effect_on&quot;:&quot;onscroll&quot;,&quot;_position&quot;:&quot;absolute&quot;,&quot;ekit_we_on_test_mode&quot;:&quot;on&quot;,&quot;ekit_we_scroll_animation&quot;:&quot;translateY&quot;,&quot;ekit_we_scroll_animation_value&quot;:250,&quot;ekit_we_scroll_smoothness&quot;:700,&quot;ekit_we_scroll_offsettop&quot;:0,&quot;ekit_we_scroll_offsetbottom&quot;:0}\" data-widget_type=\"image.default\">\n\t\t\t\t<div class=\"elementor-widget-container\">\n\t\t\t\t\t\t\t\t\t\t\t\t\t\t\t<img decoding=\"async\" width=\"151\" height=\"207\" src=\"https:\/\/enoac.org.br\/2022\/wp-content\/uploads\/2020\/01\/contact_page_shape_one.png\" class=\"attachment-large size-large wp-image-384\" alt=\"\" \/>\t\t\t\t\t\t\t\t\t\t\t\t\t\t\t<\/div>\n\t\t\t\t<\/div>\n\t\t\t\t<div class=\"elementor-element elementor-element-c8a66a8 elementor-widget__width-initial elementor-absolute elementor-hidden-tablet elementor-hidden-phone elementor-widget elementor-widget-image\" data-id=\"c8a66a8\" data-element_type=\"widget\" data-settings=\"{&quot;ekit_we_effect_on&quot;:&quot;mousemove&quot;,&quot;_position&quot;:&quot;absolute&quot;,&quot;ekit_we_on_test_mode&quot;:&quot;on&quot;,&quot;ekit_we_mousemove_parallax_speed&quot;:40}\" data-widget_type=\"image.default\">\n\t\t\t\t<div class=\"elementor-widget-container\">\n\t\t\t\t\t\t\t\t\t\t\t\t\t\t\t<img decoding=\"async\" width=\"23\" height=\"22\" src=\"https:\/\/enoac.org.br\/2022\/wp-content\/uploads\/2020\/01\/contact_page_shape_three.png\" class=\"attachment-large size-large wp-image-399\" alt=\"\" \/>\t\t\t\t\t\t\t\t\t\t\t\t\t\t\t<\/div>\n\t\t\t\t<\/div>\n\t\t\t\t<section class=\"elementor-section elementor-inner-section elementor-element elementor-element-6f816e4 elementor-section-boxed elementor-section-height-default elementor-section-height-default\" data-id=\"6f816e4\" data-element_type=\"section\">\n\t\t\t\t\t\t<div class=\"elementor-container elementor-column-gap-default\">\n\t\t\t\t\t<div class=\"elementor-column elementor-col-100 elementor-inner-column elementor-element elementor-element-62e8c0b\" data-id=\"62e8c0b\" data-element_type=\"column\">\n\t\t\t<div class=\"elementor-widget-wrap elementor-element-populated\">\n\t\t\t\t\t\t<div class=\"elementor-element elementor-element-89e34c2 elementor-invisible elementor-widget elementor-widget-elementskit-heading\" data-id=\"89e34c2\" data-element_type=\"widget\" data-settings=\"{&quot;_animation&quot;:&quot;fadeInUp&quot;,&quot;ekit_we_effect_on&quot;:&quot;none&quot;}\" data-widget_type=\"elementskit-heading.default\">\n\t\t\t\t<div class=\"elementor-widget-container\">\n\t\t\t\t\t<div class=\"ekit-wid-con\" ><div class=\"ekit-heading elementskit-section-title-wraper text_center   ekit_heading_tablet-   ekit_heading_mobile-\"><h3 class=\"ekit-heading--title elementskit-section-title \">Conhe\u00e7a as vantagens de cada categoria de patroc\u00ednio<\/h3><\/div><\/div>\t\t\t\t<\/div>\n\t\t\t\t<\/div>\n\t\t\t\t\t<\/div>\n\t\t<\/div>\n\t\t\t\t\t<\/div>\n\t\t<\/section>\n\t\t\t\t<section class=\"elementor-section elementor-inner-section elementor-element elementor-element-80fb7be elementor-section-boxed elementor-section-height-default elementor-section-height-default\" data-id=\"80fb7be\" data-element_type=\"section\">\n\t\t\t\t\t\t<div class=\"elementor-container elementor-column-gap-default\">\n\t\t\t\t\t<div class=\"elementor-column elementor-col-100 elementor-inner-column elementor-element elementor-element-e911cee\" data-id=\"e911cee\" data-element_type=\"column\">\n\t\t\t<div class=\"elementor-widget-wrap elementor-element-populated\">\n\t\t\t\t\t\t<div class=\"elementor-element elementor-element-35a2da3 elementor-widget elementor-widget-text-editor\" data-id=\"35a2da3\" data-element_type=\"widget\" data-settings=\"{&quot;ekit_we_effect_on&quot;:&quot;none&quot;}\" data-widget_type=\"text-editor.default\">\n\t\t\t\t<div class=\"elementor-widget-container\">\n\t\t\t\t\t\t\t\t\t<p>O XIII ENOAC \u2013 Encontro de Organismos de Avalia\u00e7\u00e3o da Conformidade e a comemora\u00e7\u00e3o do Dia Mundial da Acredita\u00e7\u00e3o conta com o apoio de patrocinadores para a realiza\u00e7\u00e3o do evento.<\/p>\t\t\t\t\t\t\t\t<\/div>\n\t\t\t\t<\/div>\n\t\t\t\t\t<\/div>\n\t\t<\/div>\n\t\t\t\t\t<\/div>\n\t\t<\/section>\n\t\t\t\t<section class=\"elementor-section elementor-inner-section elementor-element elementor-element-05c68d8 elementor-section-boxed elementor-section-height-default elementor-section-height-default\" data-id=\"05c68d8\" data-element_type=\"section\">\n\t\t\t\t\t\t<div class=\"elementor-container elementor-column-gap-default\">\n\t\t\t\t\t<div class=\"elementor-column elementor-col-100 elementor-inner-column elementor-element elementor-element-af0f1cb\" data-id=\"af0f1cb\" data-element_type=\"column\">\n\t\t\t<div class=\"elementor-widget-wrap elementor-element-populated\">\n\t\t\t\t\t\t<div class=\"elementor-element elementor-element-8180120 elementor-widget elementor-widget-html\" data-id=\"8180120\" data-element_type=\"widget\" data-settings=\"{&quot;ekit_we_effect_on&quot;:&quot;none&quot;}\" data-widget_type=\"html.default\">\n\t\t\t\t<div class=\"elementor-widget-container\">\n\t\t\t\t\t<table style=\"border: 1px solid rgba(0, 0, 0, 0.1); width: 100%;\">\n<tbody>\n<tr style=\"border: 1px solid rgba(0, 0, 0, 0.1); height: 24px;\">\n<td style=\"border: 1px solid rgba(0, 0, 0, 0.1); background-color: #c3c7ca; height: 24px; width: 40%; text-align: center;\"><strong>&nbsp;Plano<\/strong><\/td>\n<td style=\"border: 1px solid rgba(0, 0, 0, 0.1); background-color: #c3c7ca; height: 24px; text-align: center;\" valign=\"middle\" align=\"center\"><strong>Ouro<\/strong><\/td>\n<td style=\"border: 1px solid rgba(0, 0, 0, 0.1); background-color: #c3c7ca; height: 24px; text-align: center;\" valign=\"middle\" align=\"center\"><strong>Prata<\/strong><\/td>\n<td style=\"border: 1px solid rgba(0, 0, 0, 0.1); background-color: #c3c7ca; height: 24px; text-align: center;\" valign=\"middle\" align=\"center\"><strong>Bronze<\/strong><\/td>\n<\/tr>\n<tr style=\"border: 1px solid rgba(0, 0, 0, 0.1); height: 3px;\">\n<td style=\"border: 1px solid rgba(0, 0, 0, 0.1); height: 3px; background-color: #ebeef1; text-align: center;\">&nbsp;Benef\u00edcios\/Valor<\/td>\n<td style=\"border: 1px solid rgba(0, 0, 0, 0.1); height: 3px; background-color: #ebeef1; text-align: center;\" valign=\"middle\" align=\"center\">&nbsp;R$ 10.000,00<\/td>\n<td style=\"border: 1px solid rgba(0, 0, 0, 0.1); height: 3px; background-color: #ebeef1; text-align: center;\" valign=\"middle\" align=\"center\">&nbsp;R$ 5.000,00<\/td>\n<td style=\"border: 1px solid rgba(0, 0, 0, 0.1); height: 3px; background-color: #ebeef1; text-align: center;\" valign=\"middle\" align=\"center\">R$ 2.500,00<\/td>\n<\/tr>\n<tr style=\"border: 1px solid rgba(0, 0, 0, 0.1); height: 3px;\">\n  <td style=\"border: 1px solid rgba(0, 0, 0, 0.1); height: 3px; width: 30%; background-color: #ffffff; text-align: left;\">Espa\u00e7o para fala (10 min)<\/td>\n  <td style=\"border: 1px solid rgba(0, 0, 0, 0.1); height: 3px; width: 176px; background-color: #ffffff; text-align: center;\" valign=\"middle\" align=\"center\"><span style=\"font-size: 14pt; color: #3dd93d;\"><i class=\"fa fa-check-circle fa- \"><\/i><\/span><\/td>\n  <td style=\"border: 1px solid rgba(0, 0, 0, 0.1); height: 3px; width: 176px; background-color: #ffffff; text-align: center;\" valign=\"middle\" align=\"center\"><span style=\"color: #b81818; font-size: 14pt;\"><i class=\"fa fa-times-circle fa- \"><\/i><\/span><\/td>\n  <td style=\"border: 1px solid rgba(0, 0, 0, 0.1); height: 3px; width: 176px; background-color: #ffffff; text-align: center;\" valign=\"middle\" align=\"center\"><span style=\"font-size: 14pt; color: #b81818;\"><i class=\"fa fa-times-circle fa- \"><\/i><\/span><\/td>\n<\/tr>\n<tr style=\"border: 1px solid rgba(0, 0, 0, 0.1); height: 3px;\">\n  <td style=\"border: 1px solid rgba(0, 0, 0, 0.1); height: 3px; width: 30%; background-color: #ffffff; text-align: left;\">V\u00eddeo de propaganda no site do evento<\/td>\n  <td style=\"border: 1px solid rgba(0, 0, 0, 0.1); height: 3px; width: 176px; background-color: #ffffff; text-align: center;\" valign=\"middle\" align=\"center\"><span style=\"font-size: 14pt; color: #3dd93d;\"><i class=\"fa fa-check-circle fa- \"><\/i><\/span><\/td>\n  <td style=\"border: 1px solid rgba(0, 0, 0, 0.1); height: 3px; width: 176px; background-color: #ffffff; text-align: center;\" valign=\"middle\" align=\"center\"><span style=\"color: #b81818; font-size: 14pt;\"><i class=\"fa fa-times-circle fa- \"><\/i><\/span><\/td>\n  <td style=\"border: 1px solid rgba(0, 0, 0, 0.1); height: 3px; width: 176px; background-color: #ffffff; text-align: center;\" valign=\"middle\" align=\"center\"><span style=\"color: #b81818; font-size: 14pt;\"><i class=\"fa fa-times-circle fa- \"><\/i><\/span><\/td>\n<\/tr>\n<tr style=\"border: 1px solid rgba(0, 0, 0, 0.1); height: 3px;\">\n<td style=\"border: 1px solid rgba(0, 0, 0, 0.1); height: 3px; width: 30%; background-color: #ffffff; text-align: left;\">V\u00eddeo durante o evento<\/td>\n<td style=\"border: 1px solid rgba(0, 0, 0, 0.1); height: 3px; width: 176px; background-color: #ffffff; text-align: center;\" valign=\"middle\" align=\"center\"><span style=\"font-size: 14pt; color: #3dd93d;\"><i class=\"fa fa-check-circle fa- \"><\/i><\/span><\/td>\n<td style=\"border: 1px solid rgba(0, 0, 0, 0.1); height: 3px; width: 176px; background-color: #ffffff; text-align: center;\" valign=\"middle\" align=\"center\"><span style=\"color: #3dd93d; font-size: 14pt;\"><i class=\"fa fa-check-circle fa- \"><\/i><\/span><\/td>\n<td style=\"border: 1px solid rgba(0, 0, 0, 0.1); height: 3px; width: 176px; background-color: #ffffff; text-align: center;\" valign=\"middle\" align=\"center\"><span style=\"font-size: 14pt; color: #b81818;\"><span style=\"color: #b81818; font-size: 14pt;\"><i class=\"fa fa-times-circle fa- \"><\/i><\/span><\/td>\n<\/tr>\n<tr style=\"border: 1px solid rgba(0, 0, 0, 0.1); height: 3px;\">\n<td style=\"border: 1px solid rgba(0, 0, 0, 0.1); height: 3px; width: 30%; background-color: #ffffff; text-align: left;\">Banner da institui\u00e7\u00e3o no site do evento<\/td>\n<td style=\"border: 1px solid rgba(0, 0, 0, 0.1); height: 3px; width: 176px; background-color: #ffffff; text-align: center;\" valign=\"middle\" align=\"center\"><span style=\"color: #3dd93d; font-size: 14pt;\"><i class=\"fa fa-check-circle fa- \"><\/i><\/span><\/td>\n<td style=\"border: 1px solid rgba(0, 0, 0, 0.1); height: 3px; width: 176px; background-color: #ffffff; text-align: center;\" valign=\"middle\" align=\"center\"><span style=\"color: #3dd93d; font-size: 14pt;\"><i class=\"fa fa-check-circle fa- \"><\/i><\/span><\/td>\n<td style=\"border: 1px solid rgba(0, 0, 0, 0.1); height: 3px; width: 176px; background-color: #ffffff; text-align: center;\" valign=\"middle\" align=\"center\"><span style=\"font-size: 14pt; color: #3dd93d;\"><i class=\"fa fa-check-circle fa- \"><\/i><\/span><\/td>\n<\/tr>\n<tr style=\"border: 1px solid rgba(0, 0, 0, 0.1); height: 3px;\">\n<td style=\"border: 1px solid rgba(0, 0, 0, 0.1); height: 3px; width: 30%; background-color: #ffffff; text-align: left;\">Logomarca em todo material de divulga\u00e7\u00e3o<\/td>\n<td style=\"border: 1px solid rgba(0, 0, 0, 0.1); height: 3px; width: 176px; background-color: #ffffff; text-align: center;\" valign=\"middle\" align=\"center\"><span style=\"color: #3dd93d; font-size: 14pt;\"><i class=\"fa fa-check-circle fa- \"><\/i><\/span><\/td>\n<td style=\"border: 1px solid rgba(0, 0, 0, 0.1); height: 3px; width: 176px; background-color: #ffffff; text-align: center;\" valign=\"middle\" align=\"center\"><span style=\"color: #3dd93d; font-size: 14pt;\"><i class=\"fa fa-check-circle fa- \"><\/i><\/span><\/td>\n<td style=\"border: 1px solid rgba(0, 0, 0, 0.1); height: 3px; width: 176px; background-color: #ffffff; text-align: center;\" valign=\"middle\" align=\"center\"><span style=\"font-size: 14pt; color: #3dd93d;\"><i class=\"fa fa-check-circle fa- \"><\/i> <\/span><\/td>\n<\/tr>\n<tr style=\"border: 1px solid rgba(0, 0, 0, 0.1); height: 3px;\">\n<td style=\"border: 1px solid rgba(0, 0, 0, 0.1); height: 3px; width: 30%; background-color: #ffffff; text-align: left;\">Inscri\u00e7\u00f5es gratuitas no congresso<\/td>\n<td style=\"border: 1px solid rgba(0, 0, 0, 0.1); height: 3px; width: 176px; background-color: #ffffff; text-align: center;\">10 inscri\u00e7\u00f5es<\/td>\n<td style=\"border: 1px solid rgba(0, 0, 0, 0.1); height: 3px; width: 176px; background-color: #ffffff; text-align: center;\">5 inscri\u00e7\u00f5es<\/td>\n<td style=\"border: 1px solid rgba(0, 0, 0, 0.1); height: 3px; width: 176px; background-color: #ffffff; text-align: center;\">2 inscri\u00e7\u00f5es<\/td>\n<\/tr>\n<\/tbody>\n<\/table>\t\t\t\t<\/div>\n\t\t\t\t<\/div>\n\t\t\t\t\t<\/div>\n\t\t<\/div>\n\t\t\t\t\t<\/div>\n\t\t<\/section>\n\t\t\t\t<section class=\"elementor-section elementor-inner-section elementor-element elementor-element-72e015c elementor-section-boxed elementor-section-height-default elementor-section-height-default\" data-id=\"72e015c\" data-element_type=\"section\">\n\t\t\t\t\t\t<div class=\"elementor-container elementor-column-gap-default\">\n\t\t\t\t\t<div class=\"elementor-column elementor-col-100 elementor-inner-column elementor-element elementor-element-f20437c\" data-id=\"f20437c\" data-element_type=\"column\">\n\t\t\t<div class=\"elementor-widget-wrap elementor-element-populated\">\n\t\t\t\t\t\t<div class=\"elementor-element elementor-element-9fefd14 elementor-widget elementor-widget-text-editor\" data-id=\"9fefd14\" data-element_type=\"widget\" data-settings=\"{&quot;ekit_we_effect_on&quot;:&quot;none&quot;}\" data-widget_type=\"text-editor.default\">\n\t\t\t\t<div class=\"elementor-widget-container\">\n\t\t\t\t\t\t\t\t\t\n<strong>Contatos para o Patroc\u00ednio:<\/strong>\n<p>\n<p>\n<i class=\"fa fa-envelope fa- \"><\/i> <a href=\"mailto:enoac@metrologia.org.br\">enoac@metrologia.org.br<\/a>\n<p style=\"text-align: left;\"><i class=\"fa fa-whatsapp fa- \"><\/i> <strong> (21) 99756-5932<\/strong><\/p>\t\t\t\t\t\t\t\t<\/div>\n\t\t\t\t<\/div>\n\t\t\t\t\t<\/div>\n\t\t<\/div>\n\t\t\t\t\t<\/div>\n\t\t<\/section>\n\t\t\t\t\t<\/div>\n\t\t<\/div>\n\t\t\t\t\t<\/div>\n\t\t<\/section>\n\t\t\t\t<\/div>\n\t\t\n    <div class=\"xs_social_share_widget xs_share_url after_content \t\tmain_content  wslu-style-1 wslu-share-box-shaped wslu-fill-colored wslu-none wslu-share-horizontal wslu-theme-font-no wslu-main_content\">\n\n\t\t\n        <ul>\n\t\t\t        <\/ul>\n    <\/div> \n","protected":false},"excerpt":{"rendered":"<p>Conhe\u00e7a as vantagens de cada categoria de patroc\u00ednio O XIII ENOAC \u2013 Encontro de Organismos de Avalia\u00e7\u00e3o da Conformidade e a comemora\u00e7\u00e3o do Dia Mundial da Acredita\u00e7\u00e3o conta com o apoio de patrocinadores para a realiza\u00e7\u00e3o do evento. &nbsp;Plano Ouro Prata Bronze &nbsp;Benef\u00edcios\/Valor &nbsp;R$ 10.000,00 &nbsp;R$ 5.000,00 R$ 2.500,00 Espa\u00e7o para fala (10 min) V\u00eddeo [&hellip;]<\/p>\n","protected":false},"author":1,"featured_media":0,"parent":0,"menu_order":0,"comment_status":"closed","ping_status":"closed","template":"template\/full-width-template.php","meta":{"_monsterinsights_skip_tracking":false,"_monsterinsights_sitenote_active":false,"_monsterinsights_sitenote_note":"","_monsterinsights_sitenote_category":0,"footnotes":""},"class_list":["post-8277","page","type-page","status-publish","hentry"],"acf":[],"aioseo_notices":[],"_links":{"self":[{"href":"https:\/\/enoac.org.br\/2022\/wp-json\/wp\/v2\/pages\/8277","targetHints":{"allow":["GET"]}}],"collection":[{"href":"https:\/\/enoac.org.br\/2022\/wp-json\/wp\/v2\/pages"}],"about":[{"href":"https:\/\/enoac.org.br\/2022\/wp-json\/wp\/v2\/types\/page"}],"author":[{"embeddable":true,"href":"https:\/\/enoac.org.br\/2022\/wp-json\/wp\/v2\/users\/1"}],"replies":[{"embeddable":true,"href":"https:\/\/enoac.org.br\/2022\/wp-json\/wp\/v2\/comments?post=8277"}],"version-history":[{"count":37,"href":"https:\/\/enoac.org.br\/2022\/wp-json\/wp\/v2\/pages\/8277\/revisions"}],"predecessor-version":[{"id":13298,"href":"https:\/\/enoac.org.br\/2022\/wp-json\/wp\/v2\/pages\/8277\/revisions\/13298"}],"wp:attachment":[{"href":"https:\/\/enoac.org.br\/2022\/wp-json\/wp\/v2\/media?parent=8277"}],"curies":[{"name":"wp","href":"https:\/\/api.w.org\/{rel}","templated":true}]}}