{"id":8736,"date":"2023-04-10T14:53:13","date_gmt":"2023-04-10T17:53:13","guid":{"rendered":"https:\/\/enoac.org.br\/2026\/?page_id=8736"},"modified":"2026-04-22T11:23:03","modified_gmt":"2026-04-22T14:23:03","slug":"inscricao","status":"publish","type":"page","link":"https:\/\/enoac.org.br\/2026\/inscricao\/","title":{"rendered":"Inscri\u00e7\u00e3o"},"content":{"rendered":"\t\t<div data-elementor-type=\"wp-page\" data-elementor-id=\"8736\" class=\"elementor elementor-8736\">\n\t\t\t\t\t\t<section class=\"elementor-section elementor-top-section elementor-element elementor-element-b4d3129 elementor-section-boxed elementor-section-height-default elementor-section-height-default\" data-id=\"b4d3129\" data-element_type=\"section\" data-e-type=\"section\" data-settings=\"{&quot;background_background&quot;:&quot;classic&quot;,&quot;ekit_section_parallax_multi&quot;:&quot;yes&quot;,&quot;ekit_section_parallax_multi_items&quot;:[{&quot;image&quot;:null,&quot;width_type&quot;:&quot;custom&quot;,&quot;custom_width&quot;:{&quot;unit&quot;:&quot;px&quot;,&quot;size&quot;:54,&quot;sizes&quot;:[]},&quot;pos_x&quot;:{&quot;unit&quot;:&quot;%&quot;,&quot;size&quot;:5,&quot;sizes&quot;:[]},&quot;pos_y&quot;:{&quot;unit&quot;:&quot;%&quot;,&quot;size&quot;:36,&quot;sizes&quot;:[]},&quot;animation&quot;:&quot;ekit-left-right&quot;,&quot;animation_speed&quot;:50,&quot;animation_direction&quot;:&quot;reverse&quot;,&quot;_id&quot;:&quot;ed4b312&quot;,&quot;parallax_style&quot;:&quot;animation&quot;,&quot;shape&quot;:null,&quot;animation_tablet&quot;:&quot;&quot;,&quot;animation_mobile&quot;:&quot;&quot;,&quot;item_opacity&quot;:&quot;1&quot;,&quot;parallax_speed&quot;:null,&quot;parallax_transform&quot;:null,&quot;parallax_transform_value&quot;:null,&quot;smoothness&quot;:null,&quot;offsettop&quot;:null,&quot;offsetbottom&quot;:null,&quot;maxtilt&quot;:null,&quot;scale&quot;:null,&quot;disableaxis&quot;:null}]}\">\n\t\t\t\t\t\t\t<div class=\"elementor-background-overlay\"><\/div>\n\t\t\t\t\t\t\t<div class=\"elementor-container elementor-column-gap-default\">\n\t\t\t\t\t<div class=\"elementor-column elementor-col-100 elementor-top-column elementor-element elementor-element-9605b86\" data-id=\"9605b86\" data-element_type=\"column\" data-e-type=\"column\">\n\t\t\t<div class=\"elementor-widget-wrap elementor-element-populated\">\n\t\t\t\t\t\t<section class=\"elementor-section elementor-inner-section elementor-element elementor-element-70e33ef elementor-section-boxed elementor-section-height-default elementor-section-height-default\" data-id=\"70e33ef\" data-element_type=\"section\" data-e-type=\"section\" data-settings=\"{&quot;animation_mobile&quot;:&quot;none&quot;}\">\n\t\t\t\t\t\t<div class=\"elementor-container elementor-column-gap-default\">\n\t\t\t\t\t<div class=\"elementor-column elementor-col-100 elementor-inner-column elementor-element elementor-element-a4be393\" data-id=\"a4be393\" data-element_type=\"column\" data-e-type=\"column\">\n\t\t\t<div class=\"elementor-widget-wrap elementor-element-populated\">\n\t\t\t\t\t\t<div class=\"elementor-element elementor-element-b619609 animated-fast elementor-invisible elementor-widget elementor-widget-elementskit-heading\" data-id=\"b619609\" data-element_type=\"widget\" data-e-type=\"widget\" data-settings=\"{&quot;_animation&quot;:&quot;fadeInUp&quot;,&quot;_animation_mobile&quot;:&quot;none&quot;,&quot;ekit_we_effect_on&quot;:&quot;none&quot;}\" data-widget_type=\"elementskit-heading.default\">\n\t\t\t\t<div class=\"elementor-widget-container\">\n\t\t\t\t\t<div class=\"ekit-wid-con\" ><div class=\"ekit-heading elementskit-section-title-wraper text_left   ekit_heading_tablet-   ekit_heading_mobile-text_left\"><h2 class=\"ekit-heading--title elementskit-section-title \">Inscri\u00e7\u00e3o<\/h2><div class=\"ekit_heading_separetor_wraper ekit_heading_elementskit-border-divider elementskit-style-long\"><div class=\"elementskit-border-divider elementskit-style-long\"><\/div><\/div><p class=\"ekit-heading--subtitle elementskit-section-subtitle  \">\n\t\t\t\t\t\tFa\u00e7a sua inscri\u00e7\u00e3o!\n\t\t\t\t\t<\/p><\/div><\/div>\t\t\t\t<\/div>\n\t\t\t\t<\/div>\n\t\t\t\t\t<\/div>\n\t\t<\/div>\n\t\t\t\t\t<\/div>\n\t\t<\/section>\n\t\t\t\t\t<\/div>\n\t\t<\/div>\n\t\t\t\t\t<\/div>\n\t\t<\/section>\n\t\t\t\t<section class=\"elementor-section elementor-top-section elementor-element elementor-element-9793e37 elementor-section-boxed elementor-section-height-default elementor-section-height-default\" data-id=\"9793e37\" data-element_type=\"section\" data-e-type=\"section\">\n\t\t\t\t\t\t<div class=\"elementor-container elementor-column-gap-default\">\n\t\t\t\t\t<div class=\"elementor-column elementor-col-100 elementor-top-column elementor-element elementor-element-f7c74d1\" data-id=\"f7c74d1\" data-element_type=\"column\" data-e-type=\"column\">\n\t\t\t<div class=\"elementor-widget-wrap\">\n\t\t\t\t\t\t\t<\/div>\n\t\t<\/div>\n\t\t\t\t\t<\/div>\n\t\t<\/section>\n\t\t\t\t<section class=\"elementor-section elementor-top-section elementor-element elementor-element-00bbb92 elementor-section-boxed elementor-section-height-default elementor-section-height-default\" data-id=\"00bbb92\" data-element_type=\"section\" data-e-type=\"section\" data-settings=\"{&quot;ekit_section_parallax_multi_items&quot;:[{&quot;parallax_style&quot;:&quot;mousemove&quot;,&quot;image&quot;:null,&quot;source_rotate&quot;:{&quot;unit&quot;:&quot;deg&quot;,&quot;size&quot;:&quot;0&quot;,&quot;sizes&quot;:[]},&quot;parallax_blur_effect&quot;:{&quot;unit&quot;:&quot;px&quot;,&quot;size&quot;:&quot;0&quot;,&quot;sizes&quot;:[]},&quot;pos_x&quot;:{&quot;unit&quot;:&quot;%&quot;,&quot;size&quot;:&quot;94&quot;,&quot;sizes&quot;:[]},&quot;pos_x_tablet&quot;:{&quot;unit&quot;:&quot;px&quot;,&quot;size&quot;:&quot;-1000&quot;,&quot;sizes&quot;:[]},&quot;pos_x_mobile&quot;:{&quot;unit&quot;:&quot;px&quot;,&quot;size&quot;:&quot;-1000&quot;,&quot;sizes&quot;:[]},&quot;pos_y&quot;:{&quot;unit&quot;:&quot;%&quot;,&quot;size&quot;:&quot;5&quot;,&quot;sizes&quot;:[]},&quot;animation&quot;:null,&quot;parallax_speed&quot;:&quot;40&quot;,&quot;_id&quot;:&quot;a19fa67&quot;,&quot;shape&quot;:null,&quot;width_type&quot;:&quot;&quot;,&quot;animation_tablet&quot;:null,&quot;animation_mobile&quot;:null,&quot;item_opacity&quot;:&quot;1&quot;,&quot;animation_speed&quot;:null,&quot;parallax_transform&quot;:null,&quot;parallax_transform_value&quot;:null,&quot;smoothness&quot;:null,&quot;offsettop&quot;:null,&quot;offsetbottom&quot;:null,&quot;maxtilt&quot;:null,&quot;scale&quot;:null,&quot;disableaxis&quot;:null},{&quot;parallax_style&quot;:&quot;mousemove&quot;,&quot;image&quot;:null,&quot;source_rotate&quot;:{&quot;unit&quot;:&quot;deg&quot;,&quot;size&quot;:&quot;0&quot;,&quot;sizes&quot;:[]},&quot;parallax_blur_effect&quot;:{&quot;unit&quot;:&quot;px&quot;,&quot;size&quot;:&quot;0&quot;,&quot;sizes&quot;:[]},&quot;pos_x&quot;:{&quot;unit&quot;:&quot;%&quot;,&quot;size&quot;:&quot;94&quot;,&quot;sizes&quot;:[]},&quot;pos_x_tablet&quot;:{&quot;unit&quot;:&quot;px&quot;,&quot;size&quot;:&quot;-1000&quot;,&quot;sizes&quot;:[]},&quot;pos_x_mobile&quot;:{&quot;unit&quot;:&quot;px&quot;,&quot;size&quot;:&quot;-1000&quot;,&quot;sizes&quot;:[]},&quot;pos_y&quot;:{&quot;unit&quot;:&quot;%&quot;,&quot;size&quot;:&quot;5&quot;,&quot;sizes&quot;:[]},&quot;animation&quot;:null,&quot;parallax_speed&quot;:&quot;40&quot;,&quot;_id&quot;:&quot;15b6048&quot;,&quot;shape&quot;:null,&quot;width_type&quot;:&quot;&quot;,&quot;animation_tablet&quot;:null,&quot;animation_mobile&quot;:null,&quot;item_opacity&quot;:&quot;1&quot;,&quot;animation_speed&quot;:null,&quot;parallax_transform&quot;:null,&quot;parallax_transform_value&quot;:null,&quot;smoothness&quot;:null,&quot;offsettop&quot;:null,&quot;offsetbottom&quot;:null,&quot;maxtilt&quot;:null,&quot;scale&quot;:null,&quot;disableaxis&quot;:null}],&quot;ekit_section_parallax_multi&quot;:&quot;yes&quot;}\">\n\t\t\t\t\t\t\t<div class=\"elementor-background-overlay\"><\/div>\n\t\t\t\t\t\t\t<div class=\"elementor-container elementor-column-gap-default\">\n\t\t\t\t\t<div class=\"elementor-column elementor-col-100 elementor-top-column elementor-element elementor-element-db40d5c\" data-id=\"db40d5c\" data-element_type=\"column\" data-e-type=\"column\">\n\t\t\t<div class=\"elementor-widget-wrap elementor-element-populated\">\n\t\t\t\t\t\t<div class=\"elementor-element elementor-element-2c94906 elementor-widget elementor-widget-elementskit-heading\" data-id=\"2c94906\" data-element_type=\"widget\" data-e-type=\"widget\" data-settings=\"{&quot;ekit_we_effect_on&quot;:&quot;none&quot;}\" data-widget_type=\"elementskit-heading.default\">\n\t\t\t\t<div class=\"elementor-widget-container\">\n\t\t\t\t\t<div class=\"ekit-wid-con\" ><div class=\"ekit-heading elementskit-section-title-wraper text_left   ekit_heading_tablet-   ekit_heading_mobile-\"><h2 class=\"ekit-heading--title elementskit-section-title \">Instru\u00e7\u00f5es para inscri\u00e7\u00e3o<\/h2><div class=\"ekit_heading_separetor_wraper ekit_heading_elementskit-border-divider ekit-dotted\"><div class=\"elementskit-border-divider ekit-dotted\"><\/div><\/div><\/div><\/div>\t\t\t\t<\/div>\n\t\t\t\t<\/div>\n\t\t\t\t<div class=\"elementor-element elementor-element-a0a5425 elementor-widget__width-inherit elementor-widget elementor-widget-text-editor\" data-id=\"a0a5425\" data-element_type=\"widget\" data-e-type=\"widget\" data-settings=\"{&quot;ekit_we_effect_on&quot;:&quot;none&quot;}\" data-widget_type=\"text-editor.default\">\n\t\t\t\t<div class=\"elementor-widget-container\">\n\t\t\t\t\t\t\t\t\t<div style=\"width: 100%;  margin: 20px auto; font-family: sans-serif; color: #333333; line-height: 1.6;\">\n\n    <p style=\"margin-bottom: 20px; font-size: 15px;\">\n        A taxa de inscri\u00e7\u00e3o do <strong>ENOAC 2026<\/strong> \u00e9 definida de acordo com a quantidade de dias em que o participante ir\u00e1 acompanhar o evento.\n    <\/p>\n\n    <div style=\"border: 1px solid #c9c9c9; border-radius: 8px; overflow: hidden; margin-bottom: 20px; box-shadow: 0 2px 5px rgba(0,0,0,0.05);\">\n        <table style=\"width: 100%; border-collapse: collapse; background-color: #ffffff;\">\n            <thead>\n                <tr style=\"background-color: #004691;\">\n                    <th colspan=\"2\" style=\"padding: 12px; color: #ffffff; text-transform: uppercase; font-size: 14px; letter-spacing: 1px;\">\n                        Valores de Inscri\u00e7\u00e3o \u2013 ENOAC 2026\n                    <\/th>\n                <\/tr>\n                <tr style=\"background-color: #f1f6f9; border-bottom: 1px solid #c9c9c9;\">\n                    <th style=\"padding: 10px; color: #004691; font-size: 13px; text-align: center; width: 50%;\">Quantidade de dias<\/th>\n                    <th style=\"padding: 10px; color: #004691; font-size: 13px; text-align: center;\">Valor<\/th>\n                <\/tr>\n            <\/thead>\n            <tbody>\n                <tr style=\"border-bottom: 1px solid #eee;\">\n                    <td style=\"padding: 12px; text-align: center; font-size: 15px;\">1 dia<\/td>\n                    <td style=\"padding: 12px; text-align: center; font-size: 15px; font-weight: bold; color: #004691;\">R$ 210,00<\/td>\n                <\/tr>\n                <tr style=\"border-bottom: 1px solid #eee;\">\n                    <td style=\"padding: 12px; text-align: center; font-size: 15px;\">2 dias<\/td>\n                    <td style=\"padding: 12px; text-align: center; font-size: 15px; font-weight: bold; color: #004691;\">R$ 336,00<\/td>\n                <\/tr>\n                <tr>\n                    <td style=\"padding: 12px; text-align: center; font-size: 15px;\">3 dias<\/td>\n                    <td style=\"padding: 12px; text-align: center; font-size: 15px; font-weight: bold; color: #004691;\">R$ 610,00<\/td>\n                <\/tr>\n            <\/tbody>\n        <\/table>\n    <\/div>\n\n    <div style=\"display: flex; align-items: flex-start; background: #fafafa; border: 1px solid #e0e0e0; padding: 15px; border-radius: 6px; margin-bottom: 25px;\">\n        <span style=\"margin-right: 10px; font-size: 18px;\">\u2139\ufe0f<\/span>\n        <p style=\"margin: 0; font-size: 14px;\">\n            <strong>Importante:<\/strong><br>\n            A inscri\u00e7\u00e3o d\u00e1 direito \u00e0 participa\u00e7\u00e3o <strong>exclusivamente nos dias selecionados<\/strong> no momento da inscri\u00e7\u00e3o.\n        <\/p>\n    <\/div>\n\n    <div style=\"background-color: #fff4f4; border: 1px solid #f5c6cb; border-left: 5px solid #d9534f; padding: 15px; border-radius: 4px;\">\n        <p style=\"margin: 0; color: #721c24; font-size: 14px; line-height: 1.5;\">\n            <strong>\u26a0\ufe0f ATEN\u00c7\u00c3O:<\/strong> Caso o pagamento seja realizado em nome de terceiros \u00e9 essencial enviar um e-mail para \n            <a href=\"mailto:atendimento@metrologia.org.br\" style=\"color: #d9534f; font-weight: bold; text-decoration: underline;\">atendimento@metrologia.org.br<\/a>, \n            com o comprovante de pagamento, para que possamos identific\u00e1-lo.\n        <\/p>\n    <\/div>\n\n<\/div>\t\t\t\t\t\t\t\t<\/div>\n\t\t\t\t<\/div>\n\t\t\t\t<div class=\"elementor-element elementor-element-3c890bd elementor-align-center elementor-widget elementor-widget-elementskit-button\" data-id=\"3c890bd\" data-element_type=\"widget\" data-e-type=\"widget\" data-settings=\"{&quot;ekit_we_effect_on&quot;:&quot;none&quot;}\" data-widget_type=\"elementskit-button.default\">\n\t\t\t\t<div class=\"elementor-widget-container\">\n\t\t\t\t\t<div class=\"ekit-wid-con\" >\t\t<div class=\"ekit-btn-wraper\">\n\t\t\t\t\t\t\t<a href=\"https:\/\/enoac.org.br\/2026\/formulario-de-inscricao\/\" class=\"elementskit-btn  whitespace--normal\" id=\"\">\n\t\t\t\t\t<i class=\"fas fa-external-link-alt\"><\/i>Fa\u00e7a aqui sua Inscri\u00e7\u00e3o\t\t\t\t<\/a>\n\t\t\t\t\t<\/div>\n        <\/div>\t\t\t\t<\/div>\n\t\t\t\t<\/div>\n\t\t\t\t<div class=\"elementor-element elementor-element-8e1fb53 elementor-widget__width-inherit elementor-widget elementor-widget-text-editor\" data-id=\"8e1fb53\" data-element_type=\"widget\" data-e-type=\"widget\" data-settings=\"{&quot;ekit_we_effect_on&quot;:&quot;none&quot;}\" data-widget_type=\"text-editor.default\">\n\t\t\t\t<div class=\"elementor-widget-container\">\n\t\t\t\t\t\t\t\t\t<div style=\"width: 100%;  margin: 20px auto; font-family: sans-serif; color: #333333; line-height: 1.6;\">\n\n    <div style=\"margin-bottom: 25px; border: 1px solid #e0e0e0; border-radius: 8px; overflow: hidden;\">\n        <div style=\"background: #004691; color: #ffffff; padding: 12px 20px; font-weight: bold; text-transform: uppercase; font-size: 14px; display: flex; align-items: center;\">\n            <span style=\"margin-right: 10px;\">\ud83d\udcb3<\/span> Pagamentos realizados por empresa\n        <\/div>\n        <div style=\"padding: 20px; background: #ffffff;\">\n            <p style=\"margin: 0 0 15px 0;\">Caso o pagamento da inscri\u00e7\u00e3o seja realizado por uma empresa, essa informa\u00e7\u00e3o dever\u00e1 ser indicada no <strong>formul\u00e1rio de inscri\u00e7\u00e3o<\/strong>.<\/p>\n            <div style=\"background: #f1f6f9; padding: 15px; border-radius: 6px; border-left: 4px solid #004691;\">\n                <p style=\"margin: 0;\">Se a empresa efetuar o pagamento para <strong>mais de um participante<\/strong>, envie um e-mail para:<\/p>\n                <p style=\"margin: 10px 0 0 0; font-weight: bold;\">\n                    <a href=\"mailto:eventos@metrologia.org.br\" style=\"color: #004691; text-decoration: none;\">\ud83d\udce7 eventos@metrologia.org.br<\/a>\n                <\/p>\n                <small style=\"color: #666666;\">(Informe os dados completos de todos os inscritos)<\/small>\n            <\/div>\n        <\/div>\n    <\/div>\n\n    <div style=\"display: grid; grid-template-columns: repeat(auto-fit, minmax(300px, 1fr)); gap: 20px; margin-bottom: 25px;\">\n        <div style=\"padding: 15px; border: 1px solid #e0e0e0; border-radius: 8px;\">\n            <h5 style=\"color: #004691; margin: 0 0 10px 0; text-transform: uppercase; font-size: 13px;\">\ud83d\udcc5 Sele\u00e7\u00e3o de Dias<\/h5>\n            <p style=\"margin: 0; font-size: 14px;\">No formul\u00e1rio, o participante dever\u00e1 <strong>selecionar os dias espec\u00edficos<\/strong> em que deseja participar do evento.<\/p>\n        <\/div>\n        <div style=\"padding: 15px; border: 1px solid #e0e0e0; border-radius: 8px; background: #fafafa;\">\n            <h5 style=\"color: #004691; margin: 0 0 10px 0; text-transform: uppercase; font-size: 13px;\">\u2696\ufe0f LGPD<\/h5>\n            <p style=\"margin: 0; font-size: 13px; color: #555555;\">Em conformidade com a <strong>Lei n\u00ba 13.709\/2018<\/strong>, dados e imagens coletados poder\u00e3o ser utilizados para fins institucionais e divulga\u00e7\u00e3o das atividades.<\/p>\n        <\/div>\n    <\/div>\n\n    <div style=\"border: 2px solid #d9534f; border-radius: 8px; overflow: hidden;\">\n        <div style=\"background: #d9534f; color: #ffffff; padding: 12px 20px; font-weight: bold; text-transform: uppercase; font-size: 14px;\">\n            \u26a0\ufe0f Pol\u00edtica de Cancelamento \/ Reembolso\n        <\/div>\n        <div style=\"padding: 20px; background: #ffffff;\">\n            <p style=\"margin: 0 0 15px 0; font-size: 14px;\">Para cancelamentos, \u00e9 necess\u00e1rio enviar uma solicita\u00e7\u00e3o formal para <a href=\"mailto:eventos@metrologia.org.br\" style=\"color: #d9534f; font-weight: bold;\">eventos@metrologia.org.br<\/a>.<\/p>\n            \n            <table style=\"width: 100%; border-collapse: collapse; font-size: 14px;\">\n                <tr style=\"border-bottom: 1px solid #eee;\">\n                    <td style=\"padding: 10px 0; vertical-align: top; color: #d9534f; font-weight: bold; width: 130px;\">At\u00e9 20\/04\/2026<\/td>\n                    <td style=\"padding: 10px 0;\">Reembolso parcial (sujeito a <strong>taxa administrativa de 40%<\/strong>).<\/td>\n                <\/tr>\n                <tr style=\"border-bottom: 1px solid #eee;\">\n                    <td style=\"padding: 10px 0; vertical-align: top; color: #999; font-weight: bold;\">Ap\u00f3s esta data<\/td>\n                    <td style=\"padding: 10px 0;\">N\u00e3o haver\u00e1 reembolso.<\/td>\n                <\/tr>\n                <tr>\n                    <td style=\"padding: 10px 0; vertical-align: top; color: #28a745; font-weight: bold;\">Substitui\u00e7\u00f5es<\/td>\n                    <td style=\"padding: 10px 0;\">Aceitas a qualquer momento mediante comunica\u00e7\u00e3o pr\u00e9via.<\/td>\n                <\/tr>\n            <\/table>\n        <\/div>\n    <\/div>\n\n<\/div>\t\t\t\t\t\t\t\t<\/div>\n\t\t\t\t<\/div>\n\t\t\t\t\t<\/div>\n\t\t<\/div>\n\t\t\t\t\t<\/div>\n\t\t<\/section>\n\t\t\t\t<\/div>\n\t\t\n    <div class=\"xs_social_share_widget xs_share_url after_content \t\tmain_content  wslu-style-1 wslu-share-box-shaped wslu-fill-colored wslu-none wslu-share-horizontal wslu-theme-font-no wslu-main_content\">\n\n\t\t\n        <ul>\n\t\t\t        <\/ul>\n    <\/div> \n","protected":false},"excerpt":{"rendered":"<p>Inscri\u00e7\u00e3o Fa\u00e7a sua inscri\u00e7\u00e3o! Instru\u00e7\u00f5es para inscri\u00e7\u00e3o A taxa de inscri\u00e7\u00e3o do ENOAC 2026 \u00e9 definida de acordo com a quantidade de dias em que o participante ir\u00e1 acompanhar o evento. Valores de Inscri\u00e7\u00e3o \u2013 ENOAC 2026 Quantidade de dias Valor 1 dia R$ 210,00 2 dias R$ 336,00 3 dias R$ 610,00 \u2139\ufe0f Importante: [&hellip;]<\/p>\n","protected":false},"author":1,"featured_media":8635,"parent":0,"menu_order":0,"comment_status":"closed","ping_status":"closed","template":"elementor_header_footer","meta":{"_acf_changed":false,"_monsterinsights_skip_tracking":false,"_monsterinsights_sitenote_active":false,"_monsterinsights_sitenote_note":"","_monsterinsights_sitenote_category":0,"_joinchat":[],"footnotes":""},"class_list":["post-8736","page","type-page","status-publish","has-post-thumbnail","hentry"],"acf":[],"aioseo_notices":[],"_links":{"self":[{"href":"https:\/\/enoac.org.br\/2026\/wp-json\/wp\/v2\/pages\/8736","targetHints":{"allow":["GET"]}}],"collection":[{"href":"https:\/\/enoac.org.br\/2026\/wp-json\/wp\/v2\/pages"}],"about":[{"href":"https:\/\/enoac.org.br\/2026\/wp-json\/wp\/v2\/types\/page"}],"author":[{"embeddable":true,"href":"https:\/\/enoac.org.br\/2026\/wp-json\/wp\/v2\/users\/1"}],"replies":[{"embeddable":true,"href":"https:\/\/enoac.org.br\/2026\/wp-json\/wp\/v2\/comments?post=8736"}],"version-history":[{"count":48,"href":"https:\/\/enoac.org.br\/2026\/wp-json\/wp\/v2\/pages\/8736\/revisions"}],"predecessor-version":[{"id":11079,"href":"https:\/\/enoac.org.br\/2026\/wp-json\/wp\/v2\/pages\/8736\/revisions\/11079"}],"wp:featuredmedia":[{"embeddable":true,"href":"https:\/\/enoac.org.br\/2026\/wp-json\/wp\/v2\/media\/8635"}],"wp:attachment":[{"href":"https:\/\/enoac.org.br\/2026\/wp-json\/wp\/v2\/media?parent=8736"}],"curies":[{"name":"wp","href":"https:\/\/api.w.org\/{rel}","templated":true}]}}